 greatest common factor of 122 and 118.
2
What is the highest common divisor of 48 and 24?
24
What is the greatest common factor of 140 and 1580?
20
Calculate the highest common factor of 6948 and 36.
36
What is the highest common divisor of 22 and 638?
22
What is the greatest common divisor of 104 and 136?
8
What is the highest common divisor of 1 and 47?
1
What is the greatest common divisor of 11210 and 38?
38
Calculate the greatest common factor of 640 and 200.
40
What is the highest common divisor of 13 and 73333?
13
What is the greatest common divisor of 14326 and 13?
13
Calculate the greatest common divisor of 78 and 156.
78
What is the highest common factor of 7 and 287?
7
What is the highest common factor of 25 and 100?
25
Calculate the greatest common divisor of 4 and 8444.
4
What is the highest common divisor of 5 and 2005?
5
Calculate the greatest common divisor of 146 and 1387.
73
Calculate the highest common divisor of 186 and 42.
6
What is the highest common divisor of 480 and 270?
30
What is the highest common divisor of 600 and 80?
40
Calculate the greatest common divisor of 110 and 506.
22
Calculate the highest common factor of 2529 and 36.
9
What is the greatest common divisor of 78 and 1014?
78
Calculate the highest common factor of 30 and 160.
10
What is the highest common factor of 14 and 24416?
14
What is the greatest common factor of 14 and 5173?
7
What is the highest common divisor of 124 and 12276?
124
Calculate the highest common factor of 4 and 158.
2
What is the highest common divisor of 96 and 2352?
48
What is the highest common factor of 13 and 949?
13
What is the greatest common factor of 198 and 726?
66
Calculate the highest common factor of 224 and 168.
56
What is the highest common factor of 55 and 1375?
55
What is the highest common factor of 42 and 42?
42
Calculate the highest common factor of 102 and 1734.
102
What is the greatest common divisor of 8281 and 245?
49
What is the highest common factor of 54 and 138?
6
What is the highest common divisor of 48 and 18?
6
Calculate the greatest common factor of 86 and 10019.
43
Calculate the greatest common divisor of 292 and 1606.
146
What is the highest common factor of 68 and 3808?
68
Calculate the highest common factor of 1012 and 69.
23
Calculate the highest common factor of 86434 and 23.
23
Calculate the greatest common divisor of 254 and 41402.
254
What is the greatest common factor of 6 and 141?
3
What is the greatest common factor of 810 and 45?
45
Calculate the highest common divisor of 304 and 1292.
76
Calculate the greatest common factor of 32 and 40.
8
Calculate the highest common factor of 33 and 22.
11
What is the greatest common factor of 15 and 213?
3
What is the highest common factor of 98 and 637?
49
Calculate the greatest common factor of 225 and 576.
9
What is the greatest common divisor of 1677 and 39?
39
What is the highest common divisor of 1214 and 10?
2
What is the highest common factor of 65 and 3003?
13
Calculate the greatest common factor of 535 and 4387.
107
Calculate the highest common factor of 1880 and 1034.
94
Calculate the highest common factor of 645 and 30.
15
What is the greatest common divisor of 9 and 5769?
9
What is the highest common divisor of 22 and 8261?
11
Calculate the greatest common divisor of 35 and 31.
1
What is the greatest common factor of 160 and 260?
20
Calculate the highest common divisor of 8308 and 402.
134
Calculate the greatest common divisor of 31 and 2201.
31
Calculate the greatest common divisor of 636 and 12.
12
Calculate the greatest common factor of 7434 and 236.
118
What is the greatest common divisor of 308 and 2842?
14
Calculate the highest common factor of 980 and 1820.
140
Calculate the highest common divisor of 28 and 64.
4
What is the greatest common divisor of 90 and 1320?
30
Calculate the greatest common divisor of 4797 and 117.
117
What is the greatest common divisor of 81 and 459?
27
What is the highest common divisor of 1300 and 5?
5
What is the greatest common divisor of 1645 and 70?
35
What is the highest common factor of 2009 and 41?
41
Calculate the highest common factor of 69 and 46.
23
Calculate the greatest common factor of 178 and 89.
89
Calculate the greatest common divisor of 15 and 11065.
5
Calculate the greatest common factor of 110 and 1914.
22
What is the highest common factor of 651 and 21?
21
What is the highest common factor of 12 and 9?
3
What is the highest common divisor of 135 and 10?
5
Calculate the greatest common factor of 252 and 108.
36
Calculate the greatest common divisor of 26911 and 17.
17
Calculate the greatest common factor of 21 and 154.
7
Calculate the highest common divisor of 848 and 32.
16
What is the greatest common divisor of 2830 and 10?
10
What is the greatest common divisor of 618 and 4532?
206
Calculate the highest common factor of 4838 and 82.
82
Calculate the greatest common factor of 338 and 26.
26
What is the greatest common factor of 51 and 510?
51
Calculate the greatest common divisor of 18 and 4842.
18
Calculate the greatest common divisor of 243 and 9.
9
Calculate the greatest common factor of 18 and 10278.
18
What is the highest common divisor of 1564 and 68?
68
What is the highest common divisor of 630 and 84?
42
Calculate the highest common divisor of 145 and 783.
29
Calculate the highest common factor of 124 and 310.
62
Calculate the highest common divisor of 1752 and 480.
24
What is the highest common factor of 100 and 100?
100
What is the greatest common divisor of 78 and 312?
78
What is the highest common factor of 132 and 16500?
132
Calculate the highest common factor of 217 and 3410.
31
What is the highest common divisor of 53 and 1325?
53
What is the highest common divisor of 80 and 22000?
80
What is the highest common factor of 44 and 2068?
44
Calculate the greatest common divisor of 555 and 120.
15
Calculate the highest common factor of 3456 and 1566.
54
What is the highest common divisor of 112 and 70?
14
Calculate the greatest common factor of 160 and 10.
10
What is the highest common divisor of 24 and 576?
24
Calculate the highest common factor of 45 and 72.
9
What is the greatest common divisor of 246 and 8528?
82
What is the greatest common factor of 4774 and 49?
7
What is the highest common divisor of 3705 and 2280?
285
Calculate the highest common factor of 23 and 299.
23
What is the highest common divisor of 1104 and 69?
69
Calculate the greatest common divisor of 20 and 268.
4
What is the highest common factor of 400 and 875?
25
Calculate the highest common divisor of 7611 and 354.
177
What is the highest common factor of 3211 and 38?
19
What is the greatest common divisor of 184 and 112?
8
Calculate the greatest common factor of 316 and 76.
4
What is the greatest common divisor of 534 and 5518?
178
Calculate the highest common divisor of 56 and 2072.
56
What is the highest common divisor of 207 and 5451?
69
Calculate the highest common factor of 56 and 364.
28
Calculate the highest common divisor of 621 and 1219.
23
Calculate the greatest common divisor of 24800 and 64.
32
Calculate the highest common factor of 24 and 468.
12
Calculate the highest common divisor of 105 and 322.
7
What is the highest common divisor of 129 and 2064?
129
Calculate the greatest common factor of 1379 and 42.
7
Calculate the highest common divisor of 85 and 2992.
17
What is the greatest common factor of 12 and 939?
3
Calculate the highest common factor of 77 and 693.
77
Calculate the highest common divisor of 112 and 1190.
14
Calculate the highest common divisor of 22 and 33.
11
What is the highest common factor of 91 and 13?
13
Calculate the greatest common factor of 4030 and 93.
31
What is the highest common divisor of 100 and 1550?
50
What is the greatest common factor of 7 and 179?
1
What is the highest common divisor of 114 and 13794?
114
What is the greatest common factor of 2079 and 28?
7
What is the highest common divisor of 667 and 29?
29
What is the highest common factor of 8184 and 110?
22
Calculate the greatest common divisor of 768 and 4416.
192
Calculate the greatest common divisor of 524 and 4.
4
Calculate the highest common divisor of 15 and 6.
3
Calculate the greatest common divisor of 950 and 38.
38
What is the gre